5248313 a composite number?
True
Is 255411217 a prime number?
True
Is 36540582553 a prime number?
True
Is 3019627249 prime?
True
Is 1036226069 prime?
False
Is 67165485017 a prime number?
False
Is 31448447 a composite number?
False
Is 700280978 a composite number?
True
Is 86484868923 a composite number?
True
Is 884725913 composite?
False
Is 6113923747 a composite number?
True
Is 9332286251 a composite number?
True
Is 4971927017 a composite number?
True
Is 2130726197 a composite number?
False
Is 3610777253 prime?
False
Is 2180511217 prime?
True
Is 669485287 prime?
False
Is 1726361381 prime?
True
Is 17644344721 prime?
True
Is 19535411587 a prime number?
True
Is 6608950913 composite?
True
Is 7835371121 prime?
True
Is 10191612341 a composite number?
False
Is 347006964013 a prime number?
True
Is 237259613 a composite number?
False
Is 8897981629 a composite number?
True
Is 36756696523 a prime number?
False
Is 996521767 composite?
False
Is 43713672941 a composite number?
False
Is 209588909 prime?
True
Is 12677715129 a composite number?
True
Is 516388295945 prime?
False
Is 9630470179 a composite number?
True
Is 76840573021 a composite number?
False
Is 47602808662 a prime number?
False
Is 71986400641 prime?
False
Is 1073538989 a prime number?
False
Is 18532496453 a prime number?
True
Is 15104835979 a composite number?
True
Is 14120322571 composite?
False
Is 1860755777 prime?
False
Is 246028813 a prime number?
True
Is 1402274573 a prime number?
False
Is 4768956679 a composite number?
False
Is 27203150707 a prime number?
True
Is 75004303 prime?
False
Is 7051889087 a prime number?
False
Is 8768395203 composite?
True
Is 236429008571 prime?
False
Is 696621953 a prime number?
False
Is 185071097063 a prime number?
True
Is 53137331603 a prime number?
False
Is 2050211179 a prime number?
True
Is 21101342881 a composite number?
True
Is 315593109623 a composite number?
True
Is 431329437393 composite?
True
Is 1385602597 composite?
False
Is 64695821857 composite?
True
Is 320102413 a prime number?
True
Is 217651727 a prime number?
False
Is 7784226029 prime?
True
Is 5819762461 composite?
False
Is 2932538815 composite?
True
Is 501508057 prime?
True
Is 142561717 a composite number?
False
Is 890272733 a composite number?
True
Is 1816174397 prime?
False
Is 15659278429 prime?
True
Is 8763663457 a composite number?
True
Is 8243298649 a composite number?
True
Is 41610969539 a prime number?
True
Is 4218574303 a prime number?
False
Is 14838952181 a prime number?
True
Is 81398797 prime?
True
Is 122537423 a prime number?
True
Is 2458685323 composite?
False
Is 1856314651 a composite number?
True
Is 9222823741 a composite number?
False
Is 27576886297 composite?
False
Is 39703895977 composite?
False
Is 9188281169 composite?
True
Is 11149460131 a composite number?
False
Is 2403778271 a prime number?
False
Is 1268464403 prime?
True
Is 1797095557 a prime number?
True
Is 2545887893 a composite number?
True
Is 977046298 composite?
True
Is 139060157 a composite number?
False
Is 11848723 composite?
True
Is 11273733841 a prime number?
True
Is 1854204683 a composite number?
True
Is 464871763 prime?
True
Is 8961566993 prime?
False
Is 13205759009 a composite number?
False
Is 129556513 prime?
True
Is 605764081517 a composite number?
True
Is 178350517627 prime?
True
Is 8843357 prime?
False
Is 844834559 composite?
False
Is 176797273 a composite number?
False
Is 287137343 prime?
False
Is 3195567833 composite?
True
Is 449214079 prime?
True
Is 8125281623 composite?
True
Is 399138013 prime?
False
Is 262910407 a prime number?
True
Is 445658117 composite?
False
Is 75839107951 a composite number?
True
Is 6097707439 composite?
True
Is 14007517 a composite number?
False
Is 5229297877 a composite number?
False
Is 27071811191 composite?
False
Is 105146796497 a prime number?
True
Is 4530701137 prime?
True
Is 14720038417 prime?
False
Is 7972302887 prime?
True
Is 6031371793 prime?
False
Is 11038781419 a prime number?
True
Is 122160622321 a composite number?
False
Is 45048542207 a prime number?
True
Is 3221721677 a prime number?
True
Is 1846366267 a composite number?
True
Is 584813633 composite?
False
Is 9341597819 a prime number?
True
Is 17100053053 a prime number?
True
Is 803705797 composite?
True
Is 54800559323 composite?
False
Is 9632588753 a composite number?
False
Is 659633057 composite?
False
Is 442237769 a prime number?
True
Is 11982796487 a composite number?
False
Is 111300503 composite?
False
Is 708529531 prime?
True
Is 13032191801 composite?
False
Is 7965399461 a composite number?
False
Is 39205162339 a prime number?
False
Is 271576189 a composite number?
True
Is 375150323 a prime number?
False
Is 1110059317 a composite number?
False
Is 6386445089 composite?
False
Is 82204789 a prime number?
False
Is 4804537763 a prime number?
False
Is 62001019 prime?
False
Is 32160822437 a composite number?
False
Is 6659912477 a prime number?
True
Is 1067541883 a composite number?
True
Is 1866114017 prime?
False
Is 15555246143 a composite number?
True
Is 8143867789 composite?
True
Is 37647494741 a composite number?
False
Is 4354490489 a prime number?
False
Is 7172793437 prime?
False
Is 1043502727 prime?
True
Is 2822077189 a prime number?
False
Is 20830418887 a composite number?
False
Is 67568384131 composite?
False
Is 843403389 a prime number?
False
Is 22548050263 a composite number?
True
Is 17664193 composite?
True
Is 36039023773 a prime number?
True
Is 368654057 a composite number?
True
Is 104926598731 a prime number?
True
Is 1838271709 a composite number?
True
Is 5487968767 a composite number?
True
Is 44102588909 composite?
False
Is 256782413 prime?
True
Is 17295134603 composite?
True
Is 480142813 composite?
True
Is 19515292177 prime?
True
Is 11179096373 prime?
True
Is 22331632933 prime?
True
Is 7849607449 composite?
True
Is 30936404671 prime?
True
Is 524302243 prime?
False
Is 287691106 a composite number?
True
Is 26452220771 prime?
True
Is 65024112085 prime?
False
Is 201821655779 composite?
False
Is 7193717867 composite?
True
Is 219848077 a composite number?
True
Is 896286493 a prime number?
False
Is 542243311 a composite number?
False
Is 125198803 a composite number?
True
Is 1129178473 composite?
True
Is 1122721 a composite number?
False
Is 1601934037 prime?
False
Is 22318530361 prime?
True
Is 195703199 composite?
False
Is 9353844749 a composite number?
False
Is 435330149 a prime number?
True
Is 990533783 prime?
False
Is 71377674619 a prime number?
False
Is 5979189253 a composite number?
False
Is 4718557 a composite number?
False
Is 3474171487 a prime number?
False
Is 81442741 prime?
False
Is 8002517099 composite?
False
Is 3596358443 composite?
True
Is 231299903 prime?
True
Is 8228024059 composite?
True
Is 735456691 prime?
False
Is 242473999 a composite number?
False
Is 1022883349 composite?
True
Is 44680016891 a prime number?
True
Is 24007552381 a composite number?
False
Is 15431462323 composite?
False
Is 10861224587 a composite number?
False
Is 9950928749 a composite number?
True
Is 1214549299 a prime number?
True
Is 3558393247 composite?
False
Is 10409095229 a prime number?
False
Is 1547214227 prime?
False
Is 510388553 a composite number?
False
Is 32084746763 prime?
True
Is 7536094337 a composite number?
True
Is 2072324343 composite?
True
Is 984581989 a prime number?
True
Is 310239446555 a prime number?
False
Is 525707311 a prime number?
False
Is 646425349 composite?
True
Is 3090034967 a prime number?
False
Is 315876529 a composite number?
True
Is 83342751671 a prime number?
True
Is 196365581 prime?
True
Is 6403485859 a prime number?
True
Is 319106903 a prime number?
False
Is 730575293 a prime number?
False
Is 4764166177 prime?
False
Is 8999066683 a prime number?
False
Is 8815720861 prime?
True
Is 1707501073 a prime number?
False
Is 20133910043 a composite number?
True
Is 13840697423 prime?
False
Is 2886761545 a prime number?
False
Is 22914083009 composite?
True
Is 8656452767 a composite number?
False
Is 167738128897 a prime number?
True
Is 1721747779 a prime number?
False
Is 3644593079 a prime number?
True
Is 87904731511 a composite number?
False
Is 2248587217 prime?
True
Is 19158727019 composite?
True
Is 420872503 a composite number?
True
Is 31899741317 a composite number?
True
Is 29221135679 prime?
T